hest common factor of 13580217 and 504.
63
Calculate the greatest common factor of 33 and 11642081.
11
Calculate the greatest common factor of 1036433 and 791038.
2887
What is the greatest common divisor of 32700915 and 22815?
1755
Calculate the greatest common divisor of 27597417 and 75237.
2427
What is the highest common factor of 338 and 1104493?
13
Calculate the greatest common divisor of 930996 and 1161.
9
What is the highest common divisor of 425973 and 2136?
3
What is the highest common factor of 9153 and 67021317?
3051
What is the greatest common divisor of 407 and 63104129?
407
What is the highest common factor of 294 and 55332907?
49
What is the highest common factor of 7803 and 171882?
27
What is the greatest common factor of 27440416 and 256?
32
What is the greatest common divisor of 140760648 and 20547?
6849
Calculate the highest common factor of 874138450 and 8200.
2050
What is the greatest common factor of 380511 and 1836?
459
What is the greatest common divisor of 548660 and 620?
20
Calculate the highest common factor of 19 and 58260061.
19
What is the greatest common divisor of 116 and 89999876?
116
Calculate the greatest common factor of 518 and 15848.
14
Calculate the highest common factor of 398 and 3287225280.
398
What is the greatest common factor of 917341 and 999?
37
What is the greatest common factor of 25278 and 1886658?
2298
What is the highest common divisor of 81649352 and 23480?
4696
What is the highest common divisor of 306 and 3398793?
51
What is the greatest common divisor of 500 and 12668375?
125
Calculate the greatest common divisor of 464486 and 7084.
22
What is the highest common factor of 198233189 and 19096?
2387
What is the greatest common factor of 125245 and 1835385?
185
Calculate the greatest common factor of 15924 and 850875054.
7962
Calculate the highest common divisor of 1376 and 36832.
32
What is the highest common divisor of 57776 and 60152038?
7222
What is the highest common factor of 1697911017 and 33?
33
What is the greatest common divisor of 922174 and 374?
22
Calculate the greatest common divisor of 105 and 563820.
15
Calculate the highest common divisor of 48 and 6212178.
6
Calculate the highest common divisor of 50714 and 2302.
2
Calculate the highest common divisor of 382095357 and 21.
21
Calculate the greatest common divisor of 9735960 and 40560.
1560
What is the greatest common factor of 130895 and 155429?
47
Calculate the greatest common factor of 495 and 530299.
11
Calculate the highest common factor of 31600 and 125680.
80
What is the greatest common divisor of 1564467 and 7719?
249
Calculate the highest common factor of 2245 and 4962795.
5
What is the highest common divisor of 87 and 1204183443?
87
What is the highest common factor of 458092 and 68462172?
6452
Calculate the greatest common factor of 6448 and 76559600.
208
What is the greatest common factor of 370123 and 12283?
71
What is the greatest common factor of 333 and 395739?
9
What is the highest common divisor of 624492 and 285437?
1577
Calculate the greatest common factor of 380 and 35841410.
190
What is the greatest common divisor of 1849 and 895131?
43
Calculate the greatest common factor of 4254504 and 33356.
1076
Calculate the greatest common divisor of 1009 and 41190407.
1009
Calculate the greatest common factor of 541374 and 414.
138
What is the greatest common divisor of 70 and 671318340?
70
What is the highest common divisor of 2028 and 325716?
12
Calculate the greatest common factor of 1170 and 653860.
10
Calculate the greatest common factor of 2883552 and 20384.
1568
What is the highest common divisor of 5637100 and 19775?
175
Calculate the highest common factor of 35 and 589267.
7
What is the greatest common factor of 43883825 and 69825?
475
Calculate the highest common factor of 1126 and 53664034.
1126
What is the highest common factor of 61 and 1083991289?
61
What is the highest common factor of 135 and 24275889?
27
What is the highest common divisor of 13770 and 24710520?
510
What is the highest common divisor of 1752 and 442568632?
584
What is the highest common factor of 1236914766 and 108?
54
Calculate the greatest common factor of 103330192 and 3472.
3472
Calculate the greatest common factor of 26933094 and 4644.
54
Calculate the greatest common factor of 1608 and 119673792.
1608
What is the highest common factor of 3752 and 364?
28
What is the greatest common divisor of 9 and 21029238?
9
What is the greatest common factor of 9433992 and 24?
24
Calculate the greatest common factor of 22 and 110650716.
22
What is the highest common factor of 10664 and 2520703?
1333
What is the greatest common factor of 1264 and 18388?
4
What is the greatest common divisor of 4600 and 2933512?
184
What is the greatest common divisor of 77 and 886613?
7
Calculate the highest common divisor of 6196945 and 42312.
1763
Calculate the greatest common factor of 2773829 and 475.
19
What is the highest common divisor of 24912532 and 25676?
524
Calculate the highest common factor of 76753578 and 9118.
194
What is the greatest common factor of 981372 and 3675?
147
What is the highest common factor of 26400 and 269388000?
2400
What is the greatest common divisor of 104 and 106938?
26
What is the greatest common factor of 40 and 9570472?
8
What is the highest common factor of 88 and 4648523?
11
Calculate the greatest common factor of 105266 and 8239588.
1442
Calculate the highest common factor of 440 and 28355360.
440
Calculate the highest common factor of 8319085 and 290.
145
Calculate the highest common factor of 1516191 and 121857.
453
Calculate the highest common factor of 15534 and 12654.
18
Calculate the highest common divisor of 15048270 and 3.
3
Calculate the highest common factor of 30 and 114581330.
10
What is the greatest common factor of 25971 and 2080041?
2361
Calculate the highest common factor of 137904831 and 89262.
4959
What is the highest common divisor of 207893 and 1008644?
119
Calculate the greatest common factor of 1344 and 4542384.
336
What is the greatest common divisor of 78021370 and 70?
70
Calculate the highest common factor of 61402153 and 3091.
281
Calculate the highest common factor of 5394351 and 161.
23
What is the highest common divisor of 42418151 and 10684?
2671
What is the greatest common factor of 2856143 and 9179?
67
What is the highest common factor of 347701573 and 59?
59
Calculate the greatest common factor of 559769425 and 25.
25
Calculate the highest common divisor of 524487 and 6.
3
What is the highest common divisor of 558060 and 10381620?
4260
What is the highest common factor of 285643 and 9?
1
What is the highest common factor of 512 and 34892192?
32
What is the greatest common factor of 3636 and 4501772?
404
Calculate the highest common factor of 3006228423 and 121.
121
What is the highest common factor of 30702 and 14802750?
4386
Calculate the highest common factor of 71 and 552885449.
71
Calculate the greatest common divisor of 607500 and 76050.
450
Calculate the highest common divisor of 3162279 and 12.
3
Calculate the highest common divisor of 225875 and 1014005.
695
Calculate the highest common divisor of 93188843 and 11.
11
Calculate the greatest common divisor of 192290 and 6916946.
5494
Calculate the highest common factor of 368 and 5964797.
23
What is the highest common factor of 399 and 16343439?
399
Calculate the greatest common factor of 1536150 and 31850.
2450
What is the highest common factor of 788929 and 8862?
211
Calculate the greatest common divisor of 105 and 98560650.
15
What is the greatest common factor of 2915899 and 21?
7
What is the greatest common divisor of 17875 and 6330?
5
What is the highest common divisor of 52690 and 331210?
110
What is the greatest common factor of 158826222 and 2?
2
Calculate the greatest common factor of 64317 and 102223101.
5847
Calculate the greatest common factor of 20042916 and 2328.
1164
What is the greatest common divisor of 32463945 and 3785?
3785
Calculate the greatest common divisor of 24186332 and 466.
466
Calculate the greatest common factor of 2808 and 28635282.
702
Calculate the greatest common divisor of 201 and 53322.
3
What is the highest common factor of 441 and 8760759?
147
What is the highest common divisor of 172